ppose 4*k + 13 - 1 = 0. Let m be 6/4*4/k. Give p(m).
0
Let i(d) = -27*d**3 + 39*d**2 - 3*d - 4. Let w(z) = 10*z**3 - 14*z**2 + z + 1. Let c(t) = 3*i(t) + 8*w(t). Give c(4).
8
Let c(j) = -7*j + 42. Let f(m) = -5*m - 9. Let b be f(-3). Let k be c(b). Let y(i) = -i**3 - i**2 + 6. Determine y(k).
6
Suppose -82 - 374 = -24*d. Let n(z) be the first derivative of 0*z**2 - d - 2*z - z**3 + 1/4*z**4. Calculate n(4).
14
Let n be 0 + (-2)/(-12) - (-11)/6. Let i(p) = 4*p**2 - 249 - 3*p**n - 8*p + 247. Determine i(6).
-14
Let t(x) be the second derivative of -2/3*x**3 - 3/20*x**5 - 125*x + x**2 + 0 + 1/3*x**4. Calculate t(2).
-14
Suppose -8 = 28*n - 36. Let h(k) = 6*k + 3 + 0 - 6 - n. What is h(-2)?
-16
Let w = 91 - 90. Suppose -2*r = -4*t - 3*r + 25, t + 2*r = w. Let y(n) = n**3 - 7*n**2 - n + 7. Give y(t).
0
Suppose -4*b + 41 - 53 = 0. Let m(h) = h + 1. Let x(y) = -6. Let i(d) = b*m(d) - x(d). Suppose 26 = 2*o + 4*f, 5*o + 4*f = f + 37. Determine i(o).
-12
Let q(o) = o**2 - 6*o - 3. Let b(z) = z**3 + 122*z**2 + 363*z + 713. Let f be b(-119). Give q(f).
4
Let y(a) = -2*a + 1. Let f be y(-4). Let c(x) = -27 + 54 + 3*x - 4*x - 26. Determine c(f).
-8
Let m(q) = q**2 - 6*q - 4. Let k(u) = 3*u - 21. Let o be k(7). Let x be (-3)/6*o/(-3)*-1. Suppose x*y + 5*y + v = 26, -3*v - 42 = -5*y. Give m(y).
-4
Let b be (-5)/60*-24 - (-9 - -1). Let j(d) = -d + 30. Give j(b).
20
Let a(f) = -f**3 - 7*f**2 - 8*f - 5. Let s = 578 - 563. Let j be (-46)/(-115) - 81/s. Determine a(j).
-15
Suppose 4*x - 32 = 5*t, 9 + 5 = -2*x - 5*t. Let r(c) be the second derivative of -1/20*c**5 + 1/3*c**3 + 0 + 0*c**4 - 12*c + c**2. What is r(x)?
-19
Suppose -4*y = -2*h - 2, -h + 7*y = 9*y - 7. Let o(g) = -8*g**2 - 10*g + 8. Let c(d) = 17*d**2 + 21*d - 17. Let u(j) = -6*c(j) - 13*o(j). What is u(h)?
28
Let x(a) = a**3 - 5*a**2 - 7*a + 4. Suppose 359 = 6*g + 83. Suppose -g*f - 12 = -48*f. Determine x(f).
-2
Let l = 8 + -5. Let q(n) = -n**2 + 13*n + 1. Let u be q(13). Suppose -5*p + 2*c = -14, l*p - 7*p + 5*c = -u. Let a(s) = -s + 2. Calculate a(p).
-2
Let t(y) = 102*y - 1217. Let v be t(12). Let j(p) = p**3 - 4*p**2 - 23*p + 2. Determine j(v).
-12
Let h = -3637 - -3626. Let i(r) = -2*r**2 - 23*r - 10. Give i(h).
1
Let t(y) be the third derivative of 14*y**2 - 5/24*y**4 + y + 0 + 15/2*y**3. What is t(10)?
-5
Let k(u) = u**2 + 2*u - 6. Suppose 1951 = 2*n - q, -3*n + q + 191 = -2735. Let v be 3/24 - n/(-200). Give k(v).
29
Suppose -v = v - 12. Let o(y) = -9*y**2 - 26*y + 10. Let b(n) = 2*n**2 + 8*n - 1. Let c(i) = -4*b(i) - o(i). Determine c(v).
-6
Let d(q) = -3*q + 4. Let c be (-65)/4 - (-6)/24. Let g(s) = s**3 + 17*s**2 + 16*s + 3. Let w be g(c). Suppose 10 - 1 = -w*o. Calculate d(o).
13
Let n(z) = z**3 + 11*z**2 + 18*z - 7. Let g = -287 - -278. Let l be (-63 + 62)*(1 - 2)*g. Give n(l).
-7
Suppose -7*s = -1 - 13. Let x(z) = -1. Let p(a) = -a - 7. Let f(o) = s*x(o) - 2*p(o). Suppose 2*u - 4*u = w + 22, 3*w + 39 = -3*u. Calculate f(u).
-6
Let t be (-5*1)/(10 - 9). Let k(a) = -2*a**3 - 7*a**2 - a + 16. Let l be k(t). Let r = l - 103. Let i(n) = n - 7. Calculate i(r).
-14
Let d(i) = -4*i**3 - 4*i**2 + 14*i + 1. Let u(n) = -5*n**3 - 3*n**2 + 12*n + 1. Let y(w) = -5*d(w) + 6*u(w). What is y(-2)?
85
Let r(y) = 22*y**2 - 13*y + 13. Let t(a) = 18*a**2 - 17*a + 15. Let u(d) = 4*r(d) - 5*t(d). What is u(15)?
22
Let r(p) = -p**2 + 9*p + 8. Let t be r(11). Let u = -27 - t. Let j(y) = y + 4. Let l be j(u). Let b(m) = m + 4. Calculate b(l).
-5
Let j(c) = -7*c**2 + 54*c + 11. Let y(f) = 3*f**2 - 24*f - 6. Let z(m) = 2*j(m) + 5*y(m). Calculate z(9).
-35
Let q(p) = -13*p**3 - 39*p**2 + 9*p - 51. Let g(n) = -2*n**3 + n**2 + 9*n. Let x(r) = -6*g(r) + q(r). Calculate x(-44).
-7
Let d(c) = c - 13. Suppose -w - 1365 = -l - 4*l, -3*l + 831 = -3*w. Suppose 21*x + l = 55*x. Calculate d(x).
-5
Let k(s) = -16*s + 309. Suppose 0 = 35*b + 28 - 693. Calculate k(b).
5
Let s be (2 - (-2)/(-1))*-1. Let b(g) = 7*g**2 - g + 11. Let h(u) = 9*u**2 - u + 13. Let c(a) = 5*b(a) - 4*h(a). Calculate c(s).
3
Let r = 3 + -2. Let w(f) be the third derivative of -f**6/120 + f**5/30 - f**4/24 - 107471*f**2. Calculate w(r).
0
Let z(g) = -223 + 103 + 34 + 18*g + 75 + 90. Calculate z(-4).
7
Let w(r) = r**3 - 9*r**2 - r + 5. Let g(c) = -c**3 + 7*c**2 - 8*c - 7. Let k be g(3). Suppose 9 = k*v - 36. Calculate w(v).
-4
Let j(p) = 8*p + 3. Let x(v) = 105*v + 39. Let n(b) = -27*j(b) + 2*x(b). Let w be ((-29)/261*30)/(20/(-18)). Give n(w).
-21
Let o(f) = -14*f**3 + 44*f**2 - 82*f - 49. Let i(z) = 5*z**3 - 15*z**2 + 32*z + 17. Let r(s) = -8*i(s) - 3*o(s). Determine r(7).
39
Let a(f) = 92835*f - 3 + 4*f**2 - 92842*f - 2. Determine a(6).
97
Let p(t) = -t**2 - 13*t + 1. Let y be 25/(-5) - (-83)/(-1). Let q = y + 77. Give p(q).
23
Let h(n) = n**3 - 3*n**2 - 20*n - 4. Let t(d) = -d**3 + 4*d**2 + 25*d + 4. Let f(y) = -5*h(y) - 4*t(y). Suppose -2*m + 8 = 2. Determine f(m).
-32
Let b(j) = j**2 + 8*j + 3. Suppose -159 = -120*z - 879. Give b(z).
-9
Let l(p) = 149*p + 5. Let d(u) = -107*u - 4. Let j(a) = -11*d(a) - 8*l(a). Give j(-3).
49
Let g(h) = 56 + 45 - 3*h - 118. Let s = 1846 + -1852. Calculate g(s).
1
Let t(c) = 13*c - 14. Let o = -9477 + 9480. Determine t(o).
25
Let v(x) = 3*x**3 - 2*x**2 - 2*x + 4. Suppose -25*o + 5*b - 18 = -26*o, 4*o - 3*b = 49. Suppose 5*q + 16 = o*q. What is v(q)?
16
Let z(w) be the first derivative of -w**4/12 - 24*w**2 - 53. Let a(q) be the second derivative of z(q). Calculate a(-3).
6
Let d(p) = 9*p**2 + 6*p + 21. Let j(f) = 10*f**2 + 6*f + 27. Let n(o) = 9*d(o) - 8*j(o). Determine n(-9).
0
Let f(a) = -52*a + 110. Suppose 0 = 3*i + 3*c - 3, -i - 34 = 5*c - 31. What is f(i)?
6
Let p(y) = -y**3 - 12*y**2 + 2*y + 29. Let j = -5107 - -5095. Give p(j).
5
Let c(m) = 27 + 37 - 86 + 24. Let x(g) = -3*g - 4. Let a(q) = 4*q + 5. Let y(l) = 4*a(l) + 5*x(l). Let n(i) = -c(i) + 5*y(i). What is n(-2)?
-12
Let j be 495/132*(-20)/(-3). Suppose -j*p - 164 = -39. Let y(h) = -h**3 - 6*h**2 - 3*h + 6. Determine y(p).
-4
Let d(z) = -z**2 + 2*z + 1. Let l(s) = 10*s**2 - 7*s + 8. Let w(u) = 4*d(u) + l(u). Let x(f) = 5*f**2 - f + 10. Let b(v) = -3*w(v) + 4*x(v). Calculate b(4).
8
Let f(z) = 5*z + 48. Let k(g) = 3*g + 20. Let q(x) = 3*f(x) - 7*k(x). Give q(3).
-14
Let j(k) = -k**3 + 3*k**2 + 19*k - 4. Suppose 4*c = 6*c + 5*c - 42. What is j(c)?
2
Let o(d) be the second derivative of d**5/30 + 5*d**4/24 + 56*d**3/3 - 150*d. Let x(s) be the second derivative of o(s). Determine x(-2).
-3
Suppose -5*c + 4*o = -39, 4*c - o = -5*o + 24. Let t(g) = 8 + 0 - 2 + 2 - 2*g - 2. What is t(c)?
-8
Suppose -3*a + 21 = 3*v, 4*a - a = -4*v + 22. Suppose 4*s - a - 2 = -2*y, s = -2*y + 8. Let j(f) = f + 21. Determine j(s).
21
Let f(i) = -i**3 - 7*i**2 - 5*i - 1. Let s(r) = 2*r**3 + 6*r**2 - 6*r + 2. Let h be s(1). Suppose 4*o + 28 = h. Give f(o).
-7
Let c(a) = a - 7. Let o(q) = 3*q - 36. Let h = -135 - -65. Let r = h + 83. Let p be o(r). Calculate c(p).
-4
Let v(i) = -2*i**3 - 8*i**2 - 12*i - 3. Suppose -47*j = -22*j - 26*j - 3. Give v(j).
15
Let k(d) = d**2 - d - 1. Let g(i) = 6*i**2 - i - 6. Let c = -80 - -90. Suppose -c*h + 8 = -8*h. Let x(b) = h*k(b) - g(b). Give x(2).
-12
Let t(h) = -11*h**2 + h + 1. Let u(k) be the second derivative of -k**5/20 - 5*k**4/12 + 5*k**3/3 + 23*k**2/2 + 13*k - 3. Let d be u(-6). Calculate t(d).
-11
Let g = 242 + -243. Let u be (g - (-3)/(-6))/(1/2). Let d(t) = -t - 2. Give d(u).
1
Let c(k) be the third derivative of k**6/120 + 2*k**5/15 - 11*k**4/12 - 17*k**3/6 - 22*k**2 + 37*k. What is c(-10)?
3
Let m(d) be the first derivative of -1/2*d**2 + 15*d - 1/3*d**3 + 63. Give m(0).
15
Let n(f) be the first derivative of f**2/2 - f - 2. Let q be ((-282)/(-235))/((-1)/(-290)). Let t = 344 - q. What is n(t)?
-5
Let u(g) = -6*g**3 - 3*g**2 + g - 1. Let t be -22 + (7 - 102/(-6)). Determine u(t).
-59
Let z(a) = -3*a - 7. Let c(x) = 4*x + 7. Let p(j) = -2*c(j) - 3*z(j). Let h be p(11). Suppose -h = -6*w - 3*w. Let u(b) = 10*b. What is u(w)?
20
Let l be -2 - 68*(-3 + 0). Let d(v) = 205 + l - 3*v**2 - 412 + 7*v. What is d(4)?
-25
Let r(n) = -3*n**2 - 62*n - 99. Let u(i) = -4*i**2 - 71*i + 805. Let m be u(8). Give r(m).
-4
Let t(k) = k**2 + 2*k - 161. Let d be t(-14). Suppose 2 = 3*p - 1. Let o(v) = 8*v + v + d + v**2 + p. What is o(-9)?
8
Let q be -5 - 